 2. Give a(z).
1
Let j be 16/(-3) - (-2)/6. Let g(y) = -3*y - 11. Let a be g(j). Suppose 5*u - 30 = -2*b, 2*b = -u - a + 18. Let s(o) = -o**3 + 5*o**2 - 6*o + 4. What is s(u)?
-4
Let y(p) = -p**2 - 7*p - 3. Suppose x + 5*q - 18 = -48, -4*x - 3*q - 35 = 0. What is y(x)?
7
Suppose 3*k - 31 = -f - 5, -3*k - 5*f = -34. Let l(c) = -k*c + 2*c**2 + 0*c + 0*c + 21 - 18. Determine l(5).
13
Let d(f) be the third derivative of f**6/120 + f**5/30 - f**4/8 - 2*f**3/3 + f**2. Let x = -181 + 178. Give d(x).
-4
Let a(s) be the first derivative of -s**2 - 6*s - 272. What is a(-3)?
0
Suppose -2*y = -3*b + 74 - 315, -240 = 3*b - 3*y. Let l = b + 78. Let i(m) = -3*m**2 - 4*m + 1. Calculate i(l).
-14
Let h be (-10)/(-2)*(-2 + 1). Let t(z) = -4*z + 36 + 38 - 82 + 3*z. Give t(h).
-3
Let z(l) = l**3 - 2*l**2 + l - 1. Suppose 27 = -13*o + 1. Let s be (-2)/(2/(-3))*o/(-6). Calculate z(s).
-1
Let d(c) = 4*c - 7. Let p be d(5). Let r = -14 + p. Let j(i) = -i**2 + 1. Let y(z) = -z**2 - 1. Let u(n) = j(n) + 2*y(n). Calculate u(r).
-4
Let s(a) be the second derivative of -a**3 + 12*a**2 - 50*a + 7. Determine s(4).
0
Let t(r) = -r**2 + 8*r + 6. Suppose 3*j + 6 = f, 37*j - 41 = -4*f + 32*j. Give t(f).
-3
Let l(r) = -r - 2. Let d be l(-12). Let a = -16 + d. Let h(b) = 2*b + 8. Give h(a).
-4
Let h be -2 + -3*(-10)/(-15). Let r(w) = -w**3 - 4*w**2 - w + 4. Give r(h).
8
Let b(j) = j**3 + 4*j**2 + 2*j + 3. Let t = 63 - 93. Let o = t + 28. What is b(o)?
7
Let m(j) = -6*j**2 + 6 - 341*j + 340*j + 39*j**3 - 19*j**3 - 21*j**3. Give m(-3).
-18
Let a = -278 + 403. Let t = a - 133. Let v(y) = y**2 + 7*y - 7. Determine v(t).
1
Let m = -554 - -550. Let d(t) = t**2 + 7*t - 6. Determine d(m).
-18
Let m(n) = 4*n + 4. Let f = 203 + -212. What is m(f)?
-32
Let w(k) be the third derivative of k**5/60 + k**4/8 - 2*k**3/3 - 8*k**2. Let c be w(-5). Let m = 5 - c. Let s(z) = 4*z**3 + z**2 + z + 1. Calculate s(m).
-3
Let j(y) = 4*y**2 - 3*y + 1. Let a(k) be the second derivative of -k**3/6 + k**2/2 + 8*k. Let b be a(-1). Give j(b).
11
Let p(y) be the first derivative of -y**4/4 + 3*y**2/2 - 9*y - 162. Calculate p(0).
-9
Let g(w) = -w**3 - 2*w**2 + w + 6. Let i be (12 + -11)*-10 + 8. Calculate g(i).
4
Suppose -6*w + 20 = -28. Let a(q) = -6*q**2 - 1 + 20*q**3 - w*q + 8*q - 21*q**3. What is a(-6)?
-1
Let p(y) = 5*y**2 + y - 1. Let q = 22 - 22. Suppose -3*l - 3*l + 6 = q. Calculate p(l).
5
Let z(u) be the second derivative of u**6/120 + 2*u**5/15 - u**4/3 + 5*u**3/6 + 16*u**2 - u. Let x(k) be the first derivative of z(k). What is x(-9)?
-4
Let i(l) = 494*l - 985*l + 487*l + 9. What is i(9)?
-27
Let q(g) = g**2 - 7*g + 5. Let y(j) = 7*j**3 + j**2 + 3*j - 5. Let a be y(1). What is q(a)?
-1
Suppose z + 2*c = 15, -4*c + 3*c = -5. Let p(t) = 7*t**3 - 12*t**2 - 17*t - 6. Let q(f) = 3*f**3 - 6*f**2 - 8*f - 3. Let o(x) = z*q(x) - 2*p(x). What is o(7)?
4
Suppose -2 = 3*d + 1. Let j(q) = 9560 + 10*q**2 - 9559 + 8*q**2. Calculate j(d).
19
Let t(h) be the second derivative of -h**5/10 + h**4/3 + h**3/3 - 3*h**2/2 + 4*h. Let f(j) = 3*j + 6*j + 10 - j**2 - 3*j. Let v be f(7). Calculate t(v).
-15
Suppose 111*i = 122*i - 11. Let w(y) = -7*y**3 - y**2 + y. Calculate w(i).
-7
Suppose 0*y - 18 = -3*y. Let q(i) be the second derivative of i**3/6 - 3*i**2/2 - 7*i + 1. Give q(y).
3
Let g be 0/(-9*(-4)/18). Let b(n) = -n**3 - n**2 - n - 34. Determine b(g).
-34
Let v(w) be the second derivative of 1/20*w**5 - 1/3*w**4 + 0*w**2 + 0 + 1/2*w**3 - 5*w. Let k(x) = -x + 8. Let a be k(6). Give v(a).
-2
Let k(f) be the first derivative of -4 + 0*f**2 + 11*f + 1/3*f**3. Calculate k(0).
11
Suppose 5*z + 243 = -57. Let w = z - -60. Let l(q) = -q**2 + q - 14. Calculate l(w).
-14
Let z(o) = -o**3 - 2*o**2 + 3*o. Suppose 23*m = -25*m - 144. Give z(m).
0
Let l(p) = -p**2 + 11*p. Let f(d) = -3*d**2 + 21*d + 1. Let q(g) = 2*f(g) - 5*l(g). Give q(-14).
-12
Let u(c) be the second derivative of 0*c**2 - 11*c - 1/12*c**4 + 0*c**3 + 0. What is u(-2)?
-4
Let b(k) = -k**3 + 6*k**2 - 3*k + 1. Let m(y) = y**3 + 9*y**2 + 5. Let s be m(-9). Let j(f) = 2*f - 5. Let p be j(s). Suppose p*t - 20 = t. Calculate b(t).
11
Let s(z) = -3*z**2 - z + 5. Let m(a) = -a**2 + a + 2. Let i(d) = 2*m(d) - s(d). What is i(-4)?
3
Let l(h) = -2*h**2 - 7*h - 5. Let x(t) = -t**3 - t**2 - t - 1. Let y(r) = l(r) - x(r). Give y(-2).
-4
Let m be ((-16)/14)/(6*1/(-21)). Let k(h) = h + 6. What is k(m)?
10
Let j(p) = 5*p**2 - 3*p - 7. Let n(y) = -4*y**2 + 4*y + 6. Let o(h) = 3*j(h) + 4*n(h). Suppose -b - 5*f = -40 + 14, 4*f - 28 = -2*b. Calculate o(b).
9
Let t(c) be the second derivative of c**5/10 + c**4/4 + 2*c**3/3 + c**2 - 60*c. What is t(-2)?
-10
Let r(h) = -h**2 + 7*h + 9. Let z = -42 - -47. Suppose 4*b - 32 = x, -z*b = -7*x + 2*x - 55. Give r(b).
9
Let l(r) = 78*r - 31*r - 44*r + 6*r**2 - 2 + r**3 + 1. Give l(-4).
19
Let d = 1 + -1. Let c(w) = -w**3 + 6. Let v be c(d). Let j(s) = 6 + 14 - 12 - s - 10 + 2*s. What is j(v)?
4
Let b(d) = 12*d - 96. Let c be b(8). Let j(g) = -g**3 + g**2 - g + 3. Let m be j(0). Let x(q) = 3*q - 3 + 2 + c*q - 4*q + q**m. What is x(-1)?
-1
Let j(o) = -2*o - 2. Let l(q) = 17*q - 6*q - 1 - 2*q - 7*q - 5*q**2. Let n(m) = -m + 9. Let u be n(8). Let y be l(u). Calculate j(y).
6
Let b(x) be the third derivative of x**4/3 - 22*x**3/3 + 5*x**2. Let r be b(6). Let p(m) be the second derivative of m**3/2 - 3*m**2 + m. Give p(r).
6
Suppose -24*w + 232 = -20*w. Let b = -50 + w. Let d(i) = -i + 3. Determine d(b).
-5
Let a(n) be the first derivative of n**3/3 + n**2/2 + 2*n - 6. Let s be ((-2)/(-2))/((-2)/8). Let g(v) = -v**3 - 4*v**2 - 3. Let i be g(s). Determine a(i).
8
Let a(q) = 36*q - 37. Let d be a(1). Let z(x) = 2*x**2 - 10*x - 10. Calculate z(d).
2
Let c(s) = 6*s - 5. Let q = -156 - -145. Let p(j) = 4*j + 10. Let l(i) = 3*i + 7. Let u(x) = 7*l(x) - 5*p(x). Let h(f) = q*u(f) + 2*c(f). Give h(-1).
0
Let s(o) = o**3 + 3. Let x be (-1 + 1)*9/(-18). Suppose -2*v + 4*c + 1 = -37, x = 3*v + 3*c - 48. Let n = -17 + v. Calculate s(n).
3
Let j = 5 - 6. Let h(i) = 4 - 10 + 2*i + 2*i**2 + 7. Calculate h(j).
1
Let h = -1502 + 1505. Let c(s) be the third derivative of 0*s**4 + h*s**2 + 1/20*s**5 + 0*s + 0*s**3 + 0. Calculate c(1).
3
Let t(q) be the third derivative of q**6/180 + q**5/15 - 2*q**4 + 2*q**2 + 31*q. Let x(a) be the second derivative of t(a). Calculate x(-6).
-16
Suppose 0 = -4*f - f - 15. Let d(g) = -3*g**3 - 7*g**2 - 7*g - 1. Let l(p) = 4*p**3 + 6*p**2 + 7*p + 1. Let s(x) = f*d(x) - 2*l(x). Give s(-8).
9
Let k(t) = -t + 1. Let i(b) = 6 - 3 - 2*b - 3*b. Let q = 139 - 143. Let u(x) = q*k(x) + i(x). What is u(0)?
-1
Suppose 0 = -11*d + 8*d - 2*b + 13, -4*d + 40 = -3*b. Let w(l) = l**3 - 6*l**2 - 5*l - 7. Calculate w(d).
7
Let i(m) = 0*m + 5*m - 4*m**2 - 3*m + 8. Let r(t) = 3*t**2 - t - 7. Let j(h) = -2*i(h) - 3*r(h). Suppose -30 + 2 = 4*l - 4*n, -l - 13 = -3*n. Calculate j(l).
-7
Suppose 4*j - 13 = k, 2*k - 26 = -5*j - 0*j. Suppose 6 = -j*v - 30. Let h = -13 - v. Let f(a) = -a**3 - 4*a**2 - a - 5. What is f(h)?
-1
Let k be 88/(-55)*15/(-6). Let w(c) be the third derivative of 1/3*c**3 + 0 + 0*c**4 + 1/15*c**5 + 0*c - 1/120*c**6 - 5*c**2. Calculate w(k).
2
Suppose 13*u - 27 - 25 = 0. Let r(m) = -m**2 + 8*m. Calculate r(u).
16
Let q(f) = 5*f**2 + 75*f + 5. Let z be q(-15). Let n(s) = s**3 - 4*s**2 - 7*s + 7. Determine n(z).
-3
Suppose f - 4*f = 15. Let d(z) be the first derivative of z**4/4 + 5*z**3/3 - 6*z - 196. Determine d(f).
-6
Let j(w) = w**2 - 7*w + 7. Suppose 0 = 2*b + 4, -2*b = m - 0*b - 2. What is j(m)?
1
Suppose -2 = 3*p - 8. Suppose 3*k - 15 = -4*o, 7 = -0*o + o + 4*k. Let f(y) = 3*y**p + 2*y - 1 - o*y - y + 4*y. What is f(1)?
4
Let a(m) = 3*m**2 - m - 3. Suppose 31*k + 4 = 27*k. Let q be a(k). Let i(c) = -13*c**2. Give i(q).
-13
Let z(k) = 17*k - 1. Let s(h) = 69*h - 2. Let p(o) = -s(o) + 4*z(o). What is p(-9)?
7
Let v(b) = -12*b**3 + 11*b - 11*b**2 + 17*b**3 + 0*b**3 - 4*b**3 - 9. Determine v(10).
1
Let j(u) = u**2 + u - 10. Let f(s) = -2*s**3 + 3*s**2 - 1. Let n be f(1). Calculate j(n).
-10
Let c(u) = -u**2 - 4*u + 14. Suppose -4*k + 38 = -3*v, -k = -4*v - 4*k - 9. Give c(v).
2
Let x(d) = 5*d - 54. Let m be x(12). Let z(u) = -u - 8. Determine z(m).
-14
Let z(y) be the third derivative of y**5/60 + 7*y**4/12 - 2*y**3 - 21*y**2. Calculate z(-14